{"id":3952,"date":"2022-05-10T10:51:08","date_gmt":"2022-05-10T10:51:08","guid":{"rendered":"https:\/\/radiustheme.com\/demo\/wordpress\/themes\/clenix\/all-services-1-copy-2\/"},"modified":"2024-09-17T15:56:06","modified_gmt":"2024-09-17T15:56:06","slug":"residentiel","status":"publish","type":"page","link":"https:\/\/www.superbeausite.com\/constructiondemo2\/residentiel\/","title":{"rendered":"R\u00e9sidentiel"},"content":{"rendered":"\t\t<div data-elementor-type=\"wp-post\" data-elementor-id=\"3952\" class=\"elementor elementor-3952\">\n\t\t\t\t\t\t<section class=\"elementor-section elementor-top-section elementor-element elementor-element-ed11a40 elementor-section-stretched elementor-section-boxed elementor-section-height-default elementor-section-height-default\" data-id=\"ed11a40\" data-element_type=\"section\" data-settings=\"{&quot;stretch_section&quot;:&quot;section-stretched&quot;,&quot;background_background&quot;:&quot;classic&quot;}\">\n\t\t\t\t\t\t<div class=\"elementor-container elementor-column-gap-default\">\n\t\t\t\t\t<div class=\"elementor-column elementor-col-100 elementor-top-column elementor-element elementor-element-ddc67cf\" data-id=\"ddc67cf\" data-element_type=\"column\">\n\t\t\t<div class=\"elementor-widget-wrap elementor-element-populated\">\n\t\t\t\t\t\t<div class=\"elementor-element elementor-element-d984953 elementor-widget elementor-widget-rt-title\" data-id=\"d984953\" data-element_type=\"widget\" data-widget_type=\"rt-title.default\">\n\t\t\t\t<div class=\"elementor-widget-container\">\n\t\t\t\t\t<div class=\"sec-title style1 center barhide\">\n\t<div class=\"sec-title-holder\">\n\t\t<h2 class=\"rtin-title\">Service r\u00e9sidentiel<\/h2>\n\t\t\n\t\t\t\t\t\t\n\t\t\t\t<p class=\"sub-title\">Peu importe vos besoins \u00e0 domicile, vous b\u00e9n\u00e9ficiez toujours de notre m\u00e9thode <br>infaillible pour le nettoyage des biens en tissus ou en tapis\n<\/p>\n\t\t\t<\/div>\n<\/div>\n\t\t\t\t<\/div>\n\t\t\t\t<\/div>\n\t\t\t\t\t<\/div>\n\t\t<\/div>\n\t\t\t\t\t<\/div>\n\t\t<\/section>\n\t\t<div class=\"elementor-element elementor-element-de7073e e-flex e-con-boxed e-con e-parent\" data-id=\"de7073e\" data-element_type=\"container\">\n\t\t\t\t\t<div class=\"e-con-inner\">\n\t\t\t\t<div class=\"elementor-element elementor-element-89bff30 elementor-widget elementor-widget-rt-service-grid\" data-id=\"89bff30\" data-element_type=\"widget\" data-widget_type=\"rt-service-grid.default\">\n\t\t\t\t<div class=\"elementor-widget-container\">\n\t\t\t\t\t<div class=\"service-default service-grid-layout4\">\n\t<div class=\"row \">\t\n\t\t\t\t<div class=\"col-lg-4 col-md-4 col-sm-6 col-xs-12\">\n\t\t\t<div class=\"rtin-item \">\n\t\t\t\t<div class=\"rtin-figure\">\n\t\t\t\t\t<a href=\"https:\/\/www.superbeausite.com\/constructiondemo2\/service\/nettoyage-de-tapis\/\">\n\t\t\t\t\t\t<img fetchpriority=\"high\" decoding=\"async\" width=\"450\" height=\"300\" src=\"https:\/\/www.superbeausite.com\/constructiondemo2\/wp-content\/uploads\/2024\/09\/service1.jpg\" class=\"img-fluid mb-10 width-100 wp-post-image\" alt=\"\" srcset=\"https:\/\/www.superbeausite.com\/constructiondemo2\/wp-content\/uploads\/2024\/09\/service1.jpg 450w, https:\/\/www.superbeausite.com\/constructiondemo2\/wp-content\/uploads\/2024\/09\/service1-300x200.jpg 300w\" sizes=\"(max-width: 450px) 100vw, 450px\" \/>\t\t\t\t\t<\/a>\n\t\t\t\t<\/div>\n\t\t\t\t<div class=\"rtin-content\">\n\t\t\t\t\t<div class=\"inner-content\">\n\t\t\t\t\t\t<h3 class=\"rtin-title\"><a href=\"https:\/\/www.superbeausite.com\/constructiondemo2\/service\/nettoyage-de-tapis\/\">Nettoyage de tapis<\/a><\/h3>\n\t\t\t\t\t\t<div class=\"rtin-icon\">\n\t\t\t\t\t\t\t<a href=\"https:\/\/www.superbeausite.com\/constructiondemo2\/service\/nettoyage-de-tapis\/\"><span><i class=\"fa fa-arrow-right\"><\/i><\/span><\/a>\n\t\t\t\t\t\t<\/div>\n\t\t\t\t\t<\/div>\n\t\t\t\t\t\t\t\t\t\t<div class=\"hover-content\">\n\t\t\t\t\t\t\t\t\t\t<p>Texte texte texte texte texte texte texte texte texte texte texte texte texte texte texte texte texte texte texte texte texte texte texte texte texte texte texte texte texte texte texte texte texte texte texte texte texte texte texte texte texte texte texte texte texte texte texte texte texte.<\/p>\n\t\t\t\t\t\t\t\t\t\t\t\t\t\t\t<\/div>\n\t\t\t\t\t\t\t\t\t<\/div>\n\t\t\t<\/div>\n\t\t<\/div>\n\t\t\t\n\t\t\t\t<div class=\"col-lg-4 col-md-4 col-sm-6 col-xs-12\">\n\t\t\t<div class=\"rtin-item \">\n\t\t\t\t<div class=\"rtin-figure\">\n\t\t\t\t\t<a href=\"https:\/\/www.superbeausite.com\/constructiondemo2\/service\/nettoyage-de-matelas\/\">\n\t\t\t\t\t\t<img decoding=\"async\" width=\"450\" height=\"300\" src=\"https:\/\/www.superbeausite.com\/constructiondemo2\/wp-content\/uploads\/2024\/09\/service3-1.jpg\" class=\"img-fluid mb-10 width-100 wp-post-image\" alt=\"\" srcset=\"https:\/\/www.superbeausite.com\/constructiondemo2\/wp-content\/uploads\/2024\/09\/service3-1.jpg 450w, https:\/\/www.superbeausite.com\/constructiondemo2\/wp-content\/uploads\/2024\/09\/service3-1-300x200.jpg 300w\" sizes=\"(max-width: 450px) 100vw, 450px\" \/>\t\t\t\t\t<\/a>\n\t\t\t\t<\/div>\n\t\t\t\t<div class=\"rtin-content\">\n\t\t\t\t\t<div class=\"inner-content\">\n\t\t\t\t\t\t<h3 class=\"rtin-title\"><a href=\"https:\/\/www.superbeausite.com\/constructiondemo2\/service\/nettoyage-de-matelas\/\">Nettoyage de matelas<\/a><\/h3>\n\t\t\t\t\t\t<div class=\"rtin-icon\">\n\t\t\t\t\t\t\t<a href=\"https:\/\/www.superbeausite.com\/constructiondemo2\/service\/nettoyage-de-matelas\/\"><span><i class=\"fa fa-arrow-right\"><\/i><\/span><\/a>\n\t\t\t\t\t\t<\/div>\n\t\t\t\t\t<\/div>\n\t\t\t\t\t\t\t\t\t\t<div class=\"hover-content\">\n\t\t\t\t\t\t\t\t\t\t<p>Texte texte texte texte texte texte texte texte texte texte texte texte texte texte texte texte texte texte texte texte texte texte texte texte texte texte texte texte texte texte texte texte texte texte texte texte texte texte texte texte texte texte texte texte texte texte texte texte texte.<\/p>\n\t\t\t\t\t\t\t\t\t\t\t\t\t\t\t<\/div>\n\t\t\t\t\t\t\t\t\t<\/div>\n\t\t\t<\/div>\n\t\t<\/div>\n\t\t\t\n\t\t\t\t<div class=\"col-lg-4 col-md-4 col-sm-6 col-xs-12\">\n\t\t\t<div class=\"rtin-item \">\n\t\t\t\t<div class=\"rtin-figure\">\n\t\t\t\t\t<a href=\"https:\/\/www.superbeausite.com\/constructiondemo2\/service\/nettoyage-de-meubles-rembourres\/\">\n\t\t\t\t\t\t<img decoding=\"async\" width=\"450\" height=\"300\" src=\"https:\/\/www.superbeausite.com\/constructiondemo2\/wp-content\/uploads\/2024\/09\/service2.jpg\" class=\"img-fluid mb-10 width-100 wp-post-image\" alt=\"\" srcset=\"https:\/\/www.superbeausite.com\/constructiondemo2\/wp-content\/uploads\/2024\/09\/service2.jpg 450w, https:\/\/www.superbeausite.com\/constructiondemo2\/wp-content\/uploads\/2024\/09\/service2-300x200.jpg 300w\" sizes=\"(max-width: 450px) 100vw, 450px\" \/>\t\t\t\t\t<\/a>\n\t\t\t\t<\/div>\n\t\t\t\t<div class=\"rtin-content\">\n\t\t\t\t\t<div class=\"inner-content\">\n\t\t\t\t\t\t<h3 class=\"rtin-title\"><a href=\"https:\/\/www.superbeausite.com\/constructiondemo2\/service\/nettoyage-de-meubles-rembourres\/\">Nettoyage de meubles rembourr\u00e9s<\/a><\/h3>\n\t\t\t\t\t\t<div class=\"rtin-icon\">\n\t\t\t\t\t\t\t<a href=\"https:\/\/www.superbeausite.com\/constructiondemo2\/service\/nettoyage-de-meubles-rembourres\/\"><span><i class=\"fa fa-arrow-right\"><\/i><\/span><\/a>\n\t\t\t\t\t\t<\/div>\n\t\t\t\t\t<\/div>\n\t\t\t\t\t\t\t\t\t\t<div class=\"hover-content\">\n\t\t\t\t\t\t\t\t\t\t<p>Texte texte texte texte texte texte texte texte texte texte texte texte texte texte texte texte texte texte texte texte texte texte texte texte texte texte texte texte texte texte texte texte texte texte texte texte texte texte texte texte texte texte texte texte texte texte texte texte texte.<\/p>\n\t\t\t\t\t\t\t\t\t\t\t\t\t\t\t<\/div>\n\t\t\t\t\t\t\t\t\t<\/div>\n\t\t\t<\/div>\n\t\t<\/div>\n\t\t\t\n\t\t\t\t<\/div>\n\t\t\t\t\t\t\t\t<\/div>\t\t\t\t<\/div>\n\t\t\t\t<\/div>\n\t\t\t\t\t<\/div>\n\t\t\t\t<\/div>\n\t\t\t\t<\/div>\n\t\t","protected":false},"excerpt":{"rendered":"<p>Service r\u00e9sidentiel Peu importe vos besoins \u00e0 domicile, vous b\u00e9n\u00e9ficiez toujours de notre m\u00e9thode infaillible pour le nettoyage des biens en tissus ou en tapis Nettoyage de tapis Les surfaces en tapis accumulent \u00e9norm\u00e9ment de salet\u00e9, surtout durant la saison hivernale, lorsque nous circulons avec nos bottes enneig\u00e9es. Ces mati\u00e8res peuvent causer des troubles respiratoires [&hellip;]<\/p>\n","protected":false},"author":1,"featured_media":0,"parent":0,"menu_order":0,"comment_status":"closed","ping_status":"closed","template":"","meta":{"footnotes":""},"class_list":["post-3952","page","type-page","status-publish","hentry"],"_links":{"self":[{"href":"https:\/\/www.superbeausite.com\/constructiondemo2\/wp-json\/wp\/v2\/pages\/3952","targetHints":{"allow":["GET"]}}],"collection":[{"href":"https:\/\/www.superbeausite.com\/constructiondemo2\/wp-json\/wp\/v2\/pages"}],"about":[{"href":"https:\/\/www.superbeausite.com\/constructiondemo2\/wp-json\/wp\/v2\/types\/page"}],"author":[{"embeddable":true,"href":"https:\/\/www.superbeausite.com\/constructiondemo2\/wp-json\/wp\/v2\/users\/1"}],"replies":[{"embeddable":true,"href":"https:\/\/www.superbeausite.com\/constructiondemo2\/wp-json\/wp\/v2\/comments?post=3952"}],"version-history":[{"count":14,"href":"https:\/\/www.superbeausite.com\/constructiondemo2\/wp-json\/wp\/v2\/pages\/3952\/revisions"}],"predecessor-version":[{"id":4626,"href":"https:\/\/www.superbeausite.com\/constructiondemo2\/wp-json\/wp\/v2\/pages\/3952\/revisions\/4626"}],"wp:attachment":[{"href":"https:\/\/www.superbeausite.com\/constructiondemo2\/wp-json\/wp\/v2\/media?parent=3952"}],"curies":[{"name":"wp","href":"https:\/\/api.w.org\/{rel}","templated":true}]}}